 1 + v. Give d(j).
10
Let d(o) = o - 13. Let m = -26 + 35. Calculate d(m).
-4
Let d(t) = -4*t + 3. Let g(u) = -9*u + 6. Let x(a) = 14*d(a) - 6*g(a). Suppose -44 = -5*f - 19. Calculate x(f).
-4
Suppose -2*i + 5 = -7*i. Let c(r) = 2*r - 3*r - 4*r**2 + 9*r**3 - 4*r**2 + 7*r**2. Determine c(i).
-9
Let p be (-9)/4*(-16)/6. Let d(m) = -4 + p + 2*m - 3 + 2*m. Give d(-1).
-5
Let j(x) = 3*x - 35. Let s(h) = 2*h - 23. Let n(p) = -5*j(p) + 8*s(p). What is n(5)?
-4
Let w(o) = -o. Let c(x) = -2*x + 1. Let b be c(1). Let v(s) = -2. Let r(n) = b*w(n) + v(n). Let k be (2 - (-1 - -6))*1. Determine r(k).
-5
Suppose 8*a = 5*a - 21. Let x(d) = -d**3 - 6*d**2 + 7*d - 3. Determine x(a).
-3
Let p = 1 - 4. Let j(v) be the third derivative of -v**5/30 - v**4/12 + v**3/6 - 3*v**2. Calculate j(p).
-11
Suppose -5*q + 2 = -3. Suppose -4*c + 4*z + 40 = 0, -5*z - 6 = -c - 2*z. Let l(s) = -17 + c + 6 - 3*s. What is l(q)?
-2
Let i be (0 + (-1)/2)*0. Let y(v) = 7*v - v + i*v - 3. Give y(2).
9
Suppose 110 = 4*l + 30. Suppose -7*d + 2*d = -2*m - l, 4*d - 16 = -5*m. Let o(k) = -8 + 1 - k**2 - 1 - k**3. Determine o(m).
-8
Let f(d) be the second derivative of -d**4/12 + d**3/6 + d**2 + 9*d. Calculate f(5).
-18
Let f(k) be the first derivative of -5*k + 5/3*k**3 + 6 - 1/4*k**4 + k**2. Determine f(5).
5
Let d(v) = 0*v**2 - 5*v**2 + 2*v - 32 + 28 + 6*v**2. Calculate d(-3).
-1
Suppose 6 = -0*b + b. Let f be 2/(-6) + 8/b. Suppose -22 = -a - 5*u, -2*a - 30 = -5*u + f. Let o(z) = z**2 + 2*z - 2. Determine o(a).
1
Let r = -91 - -90. Let p(j) = j**2 + j + 1. Give p(r).
1
Let y = -112 + 106. Let f(p) be the second derivative of -p**4/12 - p**3 + 7*p**2/2 - p. Calculate f(y).
7
Suppose 10*d + 25 = 5*d. Let i(p) = p**2 + 4*p - 2. Let n be i(d). Suppose n*z - 7 = -4. Let c(s) = 5*s**2 + s. Calculate c(z).
6
Suppose -4*a = 2 + 6. Let w(u) = -2*u + 2. Give w(a).
6
Let x(y) = 4*y**3 - 2*y + 1. Let a be ((-2)/3)/(2/(-15)). Suppose -13 + a = 4*h. Let p be -1*1*(-3 - h). Determine x(p).
3
Suppose -4 = -4*g - 2*j, 2*g - g - 4*j - 19 = 0. Suppose -5*p + 2 = -g*p. Let a(f) = 13*f - 1. Calculate a(p).
12
Let o(x) = -8*x. Let h be -2 + 12/(-16) + (-30)/(-8). Calculate o(h).
-8
Let y(c) = -4*c - 6. Let k be y(-4). Let u be (15/5)/(6/k). Let n(a) = -2*a + 6. Calculate n(u).
-4
Suppose -9*w + 16 = -5*w. Let d(t) = -t + 7. Let i be d(w). Let o(y) = -y**2 + 2*y - 1. What is o(i)?
-4
Let x = 3 + -4. Let q(l) = 15*l - 1. Determine q(x).
-16
Let q(v) = -v + 20. Let m be q(15). Let n(d) = -d + 4. Determine n(m).
-1
Let i(j) = 2 - 8 + 2*j + 4. Give i(-2).
-6
Suppose 5*f - 15 - 15 = 0. Let h(v) = -f*v + 0*v - 2 + v + 4*v. Let n = 9 + -13. Calculate h(n).
2
Let w(u) be the third derivative of -u**5/20 - u**4/12 - 7*u**3/6 + 5*u**2. Let n(f) be the first derivative of w(f). Calculate n(-2).
10
Let j(i) = -i**3 - 5*i**2 - 3*i - 4. Let w(n) = n**3 - 9*n**2 - n + 5. Let c be w(9). Give j(c).
-8
Suppose -4*w - w = -15. Suppose t + 0*t = 3*k - 1, t + k = w. Let a(o) = -4*o + t - 2*o - 3 + 4*o + 5*o**2. Calculate a(-1).
6
Let m(i) = 1 - i**3 + 6*i**2 + 3 + i**2 - 6*i**2. Determine m(0).
4
Let z(y) = -y**2 + 7*y + 1. Let h be z(3). Let c = h - 8. Let t(l) = -l**3 + 4*l**2 + 5*l + 1. Determine t(c).
1
Let s(c) = -4*c + 3. Let w(r) = -7*r + 5. Let a(l) = -5*s(l) + 3*w(l). Suppose -3*b + 2*b + 6 = 0. Suppose 1 = -g + b. What is a(g)?
-5
Let x(w) be the second derivative of w + 0*w**2 + 0 - 1/6*w**3. Suppose 0*m + 3 = -m. Calculate x(m).
3
Let q be (-2)/8 - 615/(-60). Let t(f) = -3 - 7*f - f + q*f. What is t(-5)?
-13
Let j(t) = t**2 + 2*t + 2. Let o(w) = -w + 5. Let l be o(4). Let v be 2 - ((-3)/l + 8). Determine j(v).
5
Let i = 8 + -12. Let h(o) = -o**2 - 5*o + 2. Let v be h(i). Let s(c) = c + 17. Let u(z) = -z - 9. Let y(w) = -3*s(w) - 5*u(w). Give y(v).
6
Let r(s) be the third derivative of -s**5/60 - 7*s**4/24 - s**3 + 27*s**2. Calculate r(-4).
6
Let a(j) = -j**3 - 3*j**2 + 2. Suppose 0 + 6 = v. Suppose 12 = 2*g - v*g. Determine a(g).
2
Let m(b) = 2*b + 3. Suppose -2*s - 5*z + 32 = 0, 3*s - 14 = z - 0*z. Let y = -12 + s. What is m(y)?
-9
Let n(y) = -y**3 + 4*y**2 - 2*y - 4. Suppose 0 = -4*l + l + 39. Let k = l - 9. Let t = -1 + k. What is n(t)?
-1
Let g = -2 - -2. Let x(c) = -c - 17. Let o(t) = 2*t + 34. Let l(f) = 3*o(f) + 5*x(f). What is l(g)?
17
Suppose 0 = 3*k - 3 + 12. Let o(l) = -2*l**2 - 2*l + 4. Give o(k).
-8
Let h(t) = 2*t - 1. Suppose 86 = 3*o - 34. Let n be (3*1)/(15/o). Suppose 0 = -2*p + 4*p - n. Give h(p).
7
Let o(x) be the first derivative of x**2/2 - 2*x + 1. Let r = -14 + 10. Let y be ((-6)/3)/2 + r. Determine o(y).
-7
Let s(r) be the first derivative of r**3/3 - 2*r**2 - 2*r - 8. Determine s(3).
-5
Suppose -3*k = -2*q + 7, 0*k - 3*k = 4*q - 5. Let w(m) be the second derivative of 2*m - 5/6*m**3 + 7/2*m**q - 1/12*m**4 + 0. What is w(-5)?
7
Let v be -2*1/(4/(-10)). Suppose v*m - 10 = u, u + 16 = 2*m + 3*u. Let z(b) = 0 - b**m - 2 + 0*b**3 + 2*b**2 + 3. Determine z(3).
-8
Let k(s) = -s**3 + 7*s**2 + 7*s + 8. Let c be k(8). Let q(r) = -6 + c - 2*r + 4*r. Determine q(5).
4
Let y be (-12)/(-5)*(105/(-6))/(-7). Let m(z) = z**3 - 5*z**2 - 6*z + 9. Determine m(y).
9
Let g(s) = s**2 + 3*s + 2. Let l be ((-12)/(-18))/((-2)/69). Let q be (l/4)/((-5)/20). Suppose -5*w - 4*n - q = 0, 5*n = w - 0*n - 7. Determine g(w).
2
Let j(w) be the second derivative of -w**7/840 + w**6/720 - w**5/120 - w**4/4 - 3*w. Let s(m) be the third derivative of j(m). Calculate s(1).
-3
Suppose 0 = 5*f - 10, v + 2*f = 3*v - 2. Let c(p) = 3*p**3 - 3*p**2 + 13*p - 3. Let l(q) = q**3 - q**2 + 6*q - 2. Let a(d) = -2*c(d) + 5*l(d). Give a(v).
-10
Let q(j) be the third derivative of -1/6*j**3 - j**2 - 1/60*j**5 + 0*j + 1/12*j**4 + 0. Give q(-2).
-9
Let o(t) be the second derivative of -t**4/4 - t**3/6 - t**2/2 + t. Let z(d) = d - 11. Suppose 3*g + 0 + 7 = u, 0 = -2*u - g + 21. Let a be z(u). Give o(a).
-3
Let c(r) = -r + 2. Let w be c(2). Suppose 2*g = -f - 3, 2*f + 2*g = -w*f - 4. Let p(i) be the second derivative of -i**4/2 + i**3/6 + i. Determine p(f).
-7
Let h(g) = g + 1. Let u(o) be the first derivative of o**3/3 + 2*o**2 + 3*o + 5. Let m(x) = 3*h(x) + u(x). Determine m(-6).
0
Let b(s) = 16 + 7*s - s + 3*s - s**2. Let w be b(11). Let p(a) = -a**2 - 6*a - 3. What is p(w)?
-3
Let x(w) be the first derivative of w**4/4 - 4*w**3/3 + w**2 + w - 1. Determine x(2).
-3
Let z(v) = v**2 + v. Let q(f) = -6*f**2 - 2*f. Let u(p) = -q(p) - 3*z(p). What is u(1)?
2
Let d(i) = -2*i. Let n = 15 + -16. What is d(n)?
2
Let o(d) = -d**3 - 4*d**2 - 4*d - 1. Let t be o(-3). Let y(b) be the second derivative of 0*b**3 - 1/12*b**4 + 1/20*b**5 + 0 + 1/2*b**2 - 2*b. Determine y(t).
5
Let k(c) = -3*c - 5. Let m be k(-2). Let x(a) = -4*a - 1. Let n(h) = 4*h + 1. Let b(s) = 4*n(s) + 3*x(s). Calculate b(m).
5
Let d(k) = 2*k**3 - 9*k**2 - 6*k + 3. Let m be d(5). Let t(z) = -3*z**2 + z + 2. Determine t(m).
-12
Let z(u) = -u. Let m(n) = -n + 1. Let k(c) = -m(c) - 3*z(c). Let s(q) = -3*q + 3 - q**2 + 16*q - 5 - 2. Let a(j) = -7*k(j) + 2*s(j). Determine a(-2).
-5
Let y(l) = -1 - 21*l**2 - l**3 + 21*l**2. Give y(0).
-1
Let s(x) = x**2 - 5*x + 4. Suppose -5 = -5*g + 5. Let l(f) = -2*f**2 + 6*f - 4. Let c = 1 + 2. Let a(z) = c*s(z) + g*l(z). Determine a(-5).
-6
Let d(x) = -x - 1. Let q be d(-1). Let h(r) = q*r**2 - 2 + r**3 + r**2 - 4*r**2. Let b(s) = -s**3 - 2*s**2 + s - 3. Let y be b(-3). Give h(y).
-2
Let q(m) = -119*m + 2 + 50*m + 52*m - 1. What is q(1)?
-16
Let g(b) = -b**3 - 10*b**2 + 7*b + 5. Let f(r) = r**3 + 9*r**2 - 5*r - 4. Let x(t) = -4*f(t) - 3*g(t). Give x(-6).
7
Let z(u) = -3*u**3 + 2*u**2 - 1. Let h(y) = y + 13. Let l be h(-12). What is z(l)?
-2
Let y(h) be the second derivative of -h**5/4 + h**4/12 - h**2/2 + 5*h. Calculate y(1).
-5
Let s(i) = i**2 - 7*i - 4. Suppose 6*f - 45 + 3 = 0. What is s(f)?
-4
Let d(h) be the first derivative of -h**4/4 - h**3 - 2*h - 10. What is d(-3)?
-2
Let r(w) = w**2 - 2*w + 3. Let i be r(2). Suppose 4*p - p - j = 6, -3*j = 0. Let z(t) = -1 + t**i - 2 + 2*t**2 + 3*t**p. Give z(-5).
-3
Let q(c) = c**3 - 8*c**2 + c - 6. Let n be q(8). Let f = -6 - -8. Let r(i) = 2*i + 8 + i - 11 - f*i**n. Give r(2).
-5
Let u(y) be the third derivative of -y**4/24 + 5*y**3/6 + 4*y**2. Determine u(4).
1
Let d(r) be the first derivative of 3 - 1/2*r**2 -